{"id":38,"date":"2023-01-31T23:41:49","date_gmt":"2023-01-31T22:41:49","guid":{"rendered":"https:\/\/funfood-falkensee.de\/?page_id=38"},"modified":"2024-09-24T11:11:01","modified_gmt":"2024-09-24T09:11:01","slug":"hot-dog-vitrine","status":"publish","type":"page","link":"https:\/\/funfood-falkensee.de\/?page_id=38","title":{"rendered":"Hot Dog Vitrine"},"content":{"rendered":"\n<div class=\"wp-block-group\"><div class=\"wp-block-group__inner-container is-layout-constrained wp-block-group-is-layout-constrained\"><\/div><\/div>\n\n\n\n<div class=\"wp-block-columns is-layout-flex wp-container-core-columns-is-layout-9d6595d7 wp-block-columns-is-layout-flex\">\n<div class=\"wp-block-column is-layout-flow wp-block-column-is-layout-flow\">\n<figure class=\"wp-block-image size-large\"><img loading=\"lazy\" decoding=\"async\" width=\"828\" height=\"1024\" src=\"https:\/\/funfood-falkensee.de\/wp-content\/uploads\/2023\/02\/167742527369216020-828x1024.jpg\" alt=\"\" class=\"wp-image-279\" srcset=\"https:\/\/funfood-falkensee.de\/wp-content\/uploads\/2023\/02\/167742527369216020-828x1024.jpg 828w, https:\/\/funfood-falkensee.de\/wp-content\/uploads\/2023\/02\/167742527369216020-242x300.jpg 242w, https:\/\/funfood-falkensee.de\/wp-content\/uploads\/2023\/02\/167742527369216020-768x950.jpg 768w, https:\/\/funfood-falkensee.de\/wp-content\/uploads\/2023\/02\/167742527369216020-1242x1536.jpg 1242w, https:\/\/funfood-falkensee.de\/wp-content\/uploads\/2023\/02\/167742527369216020.jpg 1632w\" sizes=\"auto, (max-width: 828px) 100vw, 828px\" \/><\/figure>\n<\/div>\n\n\n\n<div class=\"wp-block-column is-layout-flow wp-block-column-is-layout-flow\">\n<p><strong>Beschreibung:<\/strong><\/p>\n\n\n\n<p>Ger\u00e4t zur Zubereitung von Hotdogs.<\/p>\n\n\n\n<p>Gleichzeitiges Erw\u00e4rmen von W\u00fcrstchen und Br\u00f6tchen. Einfache Entnahme der W\u00fcrstchen.<\/p>\n\n\n\n<p>Wer einmal die Vitrine genutzt hat, der m\u00f6chte nie wieder W\u00fcrstchen im Topf zubereiten \ud83d\ude09<\/p>\n\n\n\n<p>Preis s. <a href=\"https:\/\/funfood-falkensee.de\/?page_id=246\" data-type=\"page\" data-id=\"246\">Preisliste<\/a>.<\/p>\n\n\n\n<p>Leistungsaufnahme 1,2 KW<\/p>\n<\/div>\n<\/div>\n\n\n\n<h3 class=\"wp-block-heading\">Anleitung<\/h3>\n\n\n\n<p><strong>Dieses Ger\u00e4t ist bitte ausschlie\u00dflich von Erwachsenen zu bedienen.<\/strong><\/p>\n\n\n\n<p><em>Bitte Achten Sie darauf, dass das Ger\u00e4t in Waage steht.<\/em><\/p>\n\n\n\n<ul class=\"wp-block-list\">\n<li>Entfernen Sie die Vitrinen T\u00fcren und heben Sie den Boden heraus.<\/li>\n\n\n\n<li>F\u00fcllen Sie Wasser in den Beh\u00e4lter und beachten Sie bitte, dass<\/li>\n\n\n\n<li>Min\/Max eingehalten wird. Legen Sie den Boden wieder ein.<\/li>\n\n\n\n<li>Schalten Sie den Netzschalter ein.<\/li>\n\n\n\n<li>bef\u00fcllen Sie die Vitrine mit W\u00fcrstchen (unten) und Br\u00f6tchen<\/li>\n\n\n\n<li>(oben).<\/li>\n\n\n\n<li>legen Sie die Vitrinen T\u00fcren ein und schalten Sie das Ger\u00e4t an.<\/li>\n\n\n\n<li>Schalten Sie den Temperaturregler ein.<\/li>\n\n\n\n<li>Nach Gebrauch bitte das Wasser mit dem Wasserhahn (rechts an<\/li>\n\n\n\n<li>der Seite) ablassen.<\/li>\n<\/ul>\n\n\n\n<p><br><em>Bitte beachten Sie, dass die Br\u00f6tchen nach l\u00e4ngerer Zeit, durch den<br>Wasserdampf sehr weich werden.<\/em><\/p>\n","protected":false},"excerpt":{"rendered":"<p>Beschreibung: Ger\u00e4t zur Zubereitung von Hotdogs. Gleichzeitiges Erw\u00e4rmen von W\u00fcrstchen [&hellip;]<\/p>\n","protected":false},"author":1,"featured_media":0,"parent":42,"menu_order":0,"comment_status":"closed","ping_status":"closed","template":"","meta":{"footnotes":""},"class_list":["post-38","page","type-page","status-publish","hentry"],"_links":{"self":[{"href":"https:\/\/funfood-falkensee.de\/index.php?rest_route=\/wp\/v2\/pages\/38","targetHints":{"allow":["GET"]}}],"collection":[{"href":"https:\/\/funfood-falkensee.de\/index.php?rest_route=\/wp\/v2\/pages"}],"about":[{"href":"https:\/\/funfood-falkensee.de\/index.php?rest_route=\/wp\/v2\/types\/page"}],"author":[{"embeddable":true,"href":"https:\/\/funfood-falkensee.de\/index.php?rest_route=\/wp\/v2\/users\/1"}],"replies":[{"embeddable":true,"href":"https:\/\/funfood-falkensee.de\/index.php?rest_route=%2Fwp%2Fv2%2Fcomments&post=38"}],"version-history":[{"count":16,"href":"https:\/\/funfood-falkensee.de\/index.php?rest_route=\/wp\/v2\/pages\/38\/revisions"}],"predecessor-version":[{"id":490,"href":"https:\/\/funfood-falkensee.de\/index.php?rest_route=\/wp\/v2\/pages\/38\/revisions\/490"}],"up":[{"embeddable":true,"href":"https:\/\/funfood-falkensee.de\/index.php?rest_route=\/wp\/v2\/pages\/42"}],"wp:attachment":[{"href":"https:\/\/funfood-falkensee.de\/index.php?rest_route=%2Fwp%2Fv2%2Fmedia&parent=38"}],"curies":[{"name":"wp","href":"https:\/\/api.w.org\/{rel}","templated":true}]}}